1
Let x = -5283 - -8079. What is the tens digit of x?
9
Let h(z) = 5*z**2 + 10*z - 23. Let l(w) = 2*w**2 + 3*w - 8. Let i(x) = -3*h(x) + 8*l(x). What is the tens digit of i(8)?
2
Suppose -12*r + 4*r = 112. Let m be (-2)/(-7) - 226/7. Let y = r - m. What is the units digit of y?
8
Suppose 12*s = -0*s. Suppose s = -32*v + 26*v + 1572. What is the units digit of v?
2
What is the hundreds digit of 2 - (1 - 14672/7)?
0
Let z(o) = 6*o**2 - 11*o + 289. Let g(c) = -3*c**2 + 5*c - 145. Let q(v) = -13*g(v) - 6*z(v). What is the units digit of q(0)?
1
Suppose 0 = -8*a + 21872 - 1928. What is the units digit of a?
3
Let u(x) = -11*x**2 - x. Let h be u(-1). Let n(y) = -48 - 6*y + 22 + 0*y + 17. What is the tens digit of n(h)?
5
Suppose 3*w + 313 = -4*g + 101, -w - 4*g - 84 = 0. Let b = 26 - w. What is the units digit of b?
0
Suppose -6*w = 2*w + 32. What is the tens digit of (54/w)/(3/(-28)) - -3?
2
Let n = -14 - -54. What is the tens digit of (-15)/(-2 + 76/n)?
5
Let j = -5 + 7. Suppose 5*n = 3*z - 229, -178 = -j*z - 6*n + 3*n. Suppose 2*a - 3*y + 17 = z, 2*a = -3*y + 42. What is the tens digit of a?
2
Let r(m) = -42*m**3 - 6*m**2 - 11*m + 10. What is the hundreds digit of r(-5)?
1
Let f = -817 + 1876. What is the thousands digit of f?
1
Let g(l) = 4*l - 36. Let u(z) = -z + 7. Let c(i) = 3*g(i) + 14*u(i). Let x be c(-7). Suppose 2*d - x*b = -0*d - 8, 0 = 4*b - 20. What is the units digit of d?
6
Let b(t) = t**3 + 12*t**2 - t - 8. Let w be b(-12). Suppose 4*o + 15 = -u + 124, w*u = -2*o + 450. What is the hundreds digit of u?
1
Suppose -5*d + 33 = 3*f, 0 = -2*f + 3*d - 0 + 3. Let o(j) = -1 + 5*j + 6 - 3 + f*j. What is the units digit of o(2)?
4
Let m(y) = 44*y - 107. What is the units digit of m(15)?
3
Suppose -3*s - s + 36 = 0. Let d = -125 + 89. What is the units digit of (-332)/d - 2/s?
9
Let c = 353 + 1422. What is the units digit of c?
5
Let o = -1035 + 1810. What is the units digit of o?
5
Let j(b) = 3*b**2 + 13*b + 16. Let m(r) = 2*r**2 + 12*r + 15. Let l(o) = -3*j(o) + 4*m(o). What is the units digit of l(9)?
2
Suppose -2*k = 8*k - 4500. What is the units digit of k?
0
Let x = -106 + 110. Suppose -3 = -4*n + 5, -646 = -x*g + 5*n. What is the units digit of g?
4
Suppose -198 = -4*z + 2*y + 3*y, -y - 190 = -4*z. Let r = -10 + z. What is the tens digit of r?
3
Let y(m) = -64*m + 2. Let t(f) = -96*f + 3. Let i(b) = 5*t(b) - 7*y(b). What is the tens digit of i(-1)?
3
Suppose 20 = -2*d + 4*d. Let y be (d - 11)/(0 + 1). Let a(k) = 45*k**2 + 2*k + 2. What is the tens digit of a(y)?
4
Suppose 5*f + 0*f + 3*m - 170 = 0, -2*f = m - 67. Suppose -5*j + 2*j + g + f = 0, 2*g - 28 = -3*j. What is the units digit of j?
0
Let o(i) = i**3 - i**2 + 5. Let l be o(0). Let h(m) = m**2 - 2*m - 13. Let q be h(l). Suppose -3*c + q*r = -10, c - r + 0 - 4 = 0. What is the units digit of c?
2
Let k(s) be the first derivative of -3*s**2/2 - 18*s - 1. Let v be k(-7). What is the units digit of (-145)/(-5)*(v - 2)?
9
Let s = 137 - 79. Let q = 139 - s. What is the tens digit of q?
8
Let t be ((-28)/(-21))/((-4)/96). Suppose 5*u = -0*u + 5. What is the units digit of u/(-4) + (-1576)/t?
9
Suppose 0*a - 3*t - 166 = a, 0 = -2*a + 3*t - 368. Let b = a - -96. What is the units digit of b*(-1 + (-1)/(-2))?
1
Let q(o) = 28*o + 596. What is the units digit of q(-17)?
0
Suppose -77 + 1 = l. Let z = l - -139. Suppose 4*q - 63 = w + 22, 3*q = w + z. What is the tens digit of q?
2
Let b(r) = r**3 - 7*r**2 - 10*r + 20. Let k be b(8). Suppose -k*x - 5*u = -403, -4*u = -5*x + 3*x + 208. What is the hundreds digit of x?
1
Suppose -5*c - 3*y + 8149 = 0, -4*c + 4*y = c - 8163. Suppose 5*j - c = -296. What is the units digit of j?
7
Let q be 3636/14 + (-2)/(-7). Let p be q/30*15/2. Suppose p = -3*r + 170. What is the units digit of r?
5
Suppose 32*q + 36344 = 46*q. What is the hundreds digit of q?
5
Let o be (5*-1)/(5 + -6). Suppose 4*n + n + 5*c = 20, 16 = 3*n + o*c. What is the units digit of n?
2
Suppose 3*v - 27 = -0*v. Let f(m) be the second derivative of -m**5/20 + 3*m**4/4 + m**3/2 + 9*m**2/2 + 28*m. What is the tens digit of f(v)?
3
Let t(a) = a**3 - 12*a**2 + 6*a + 22. Let c be t(13). Suppose d - 1 = 0, -4*m + 194 = -d - c. What is the units digit of m?
6
Let r(w) = -w**3 - 7*w**2 + w + 3. Let m be r(-7). What is the tens digit of ((-14)/m)/(-7)*-86?
4
Suppose -8 = -6*g + 5*g. Suppose g*s - 65 = 71. What is the tens digit of s?
1
Let v be 4017/(-26)*(-2)/(-3). Let h = v + 197. What is the units digit of h?
4
Suppose 0*z + 5*z = 0. Suppose 0 = -3*p - 4*d + 25, -p + z*d + 2*d = -25. Suppose r - 3*m = 6*r - 20, p = 3*m. What is the units digit of r?
1
Let n(r) be the first derivative of -7*r**2/2 + 24*r + 13. What is the tens digit of n(-9)?
8
Let k(w) = w**3 + 8*w**2 + 7*w + 5. Let r be k(-7). Suppose -r*h = -8*h + 138. What is the tens digit of h?
4
Let p be 1432/(-16) - (-3)/2. Let s = 172 + p. What is the units digit of s?
4
Let y be (1 - 0)*(-4)/24*0. What is the hundreds digit of (112 + y)/((-6)/(-6))?
1
Let s(y) = 10*y**2 + 4*y + 72. What is the units digit of s(11)?
6
Let w be 1125/10 - (-1)/(-2). Suppose w = -3*v + 7*v - u, 0 = -u. What is the tens digit of v?
2
Let o be (-4)/(-10) - (-6734)/65. Suppose -3*s - t = -2*s - o, -2*s + 202 = -t. What is the tens digit of s?
0
Let y(a) = -a**2 - 19*a + 5. What is the tens digit of y(-13)?
8
Let a be 1 + (0 + 20)/5. Suppose -4*j + 5*u = -0*j - 144, -a*j + 225 = 5*u. What is the tens digit of j?
4
Let b = 12 + -5. Suppose 2*d + 120 = b*d. What is the units digit of 1446/d - (-3)/(-12)?
0
What is the units digit of -7 - (-404)/12*3?
4
Let d(i) = 11*i**2 - 4*i + 2. Let c(f) = -f**2 - 18*f + 3. Let l be c(-18). Suppose -l*s + 3 = -3. What is the tens digit of d(s)?
3
Let i(c) = 12*c - 66. What is the tens digit of i(17)?
3
Let m be 3*68/(-12)*-1. Suppose 47 = 5*d + m. What is the units digit of d?
6
Let f = 889 - 507. What is the units digit of f?
2
Let b = -13 - -16. Suppose b*f + 26 = -10. What is the tens digit of (f/18)/(2/(-39))?
1
Suppose 0 = -5*p - 5*y + 9895, 5*p + 6582 = 3*y + 16469. What is the units digit of p?
8
Let p = 5 - 2. What is the tens digit of ((-24)/16)/(p/(-94))?
4
Let z be (12/4 - -4) + -1. Let f(s) = 2*s**2 - 4*s + 12. Let o be f(z). Let t = o - 34. What is the units digit of t?
6
Suppose -1829 = -14*z + 7565. What is the units digit of z?
1
Let l(a) = 33*a + 7. Let z be l(-1). What is the units digit of (-204)/(-26) - 4/z?
8
Suppose w - 3 = -8, -6*n + 31831 = -5*w. What is the hundreds digit of n?
3
What is the tens digit of (-4 + 731 - -2) + 0?
2
Let b = 88 - 85. Suppose -2*q + 0*f = -4*f - 196, 0 = b*q - 5*f - 293. What is the units digit of q?
6
Let g = -2 + 6. Suppose 4*m + g*j - 34 = 3*m, -4*m = -4*j - 36. Suppose d + 0*l = 2*l + m, 3*l = -d + 39. What is the units digit of d?
4
Suppose -i + 7 = 3. What is the tens digit of 7*(8 - i) - 3?
2
Let p be 12*(4 + 11/(-3)). Suppose 0 = -p*w, 11 = -5*x + w + 51. What is the tens digit of x/(-6)*(-17 - 1)?
2
Let o(t) = -3*t**3 - 4*t**2 + t - 4. Let s be o(-4). What is the hundreds digit of ((-23)/(-4))/(3/s)?
2
Let m(l) = 2 - l**2 + 0*l - l + 2*l**2 + 51*l**3 - 2*l**2. What is the tens digit of m(1)?
5
Let s(o) = 2*o - 3. Let l be s(0). What is the tens digit of (-2912)/(-40) - l/15?
7
Let f = 1654 - 1016. What is the tens digit of f/16 + 24/192?
4
What is the units digit of (-2327)/(-4) - 6/8?
1
What is the thousands digit of (-1 + 1234 + -6)/1?
1
Let t(y) = -4*y + 1. Let j = -22 + 25. Suppose -1 = -j*i - 40. What is the tens digit of t(i)?
5
Suppose 0 = 5*d - 3*w - 1114, -3*d - 12*w + 657 = -10*w. What is the tens digit of d?
2
Let x = -825 - -2409. What is the units digit of x?
4
Let y = -1135 - -1602. What is the units digit of y?
7
Suppose 3*w - 3*x + 93 = 0, x - 2*x = -3. Let u = 124 + w. What is the tens digit of u?
9
Let c(p) = -49*p - 20. Let t be c(-3). Let d = 185 - t. What is the tens digit of d?
5
Suppose -g + 872 = 4*z, -2*g + g + 875 = z. What is the units digit of g?
6
Let i be 4 + (-60)/14 - (-3564)/28. Suppose -i = -4*w + 709. What is the units digit of w?
9
What is the units digit of 587 - (-8 + (25 - 9))?
9
Suppose q + 2*q = -5*f + 7, -q = -2*f - 6. Suppose -2*s = -3*n + 2*s - 13, -5*n + 21 = q*s. What is the units digit of 0 + n/((-3)/(-12))?
4
Sup